-19).
-4
Let c(h) = -4*h + 1. Give c(-6).
25
Let d(b) = b**3 + 4*b**2 - b - 2. Determine d(-4).
2
Let l(f) = 2*f**2 - f. Determine l(-1).
3
Let v(y) = y**3 + 39*y**2 - 6. Give v(-39).
-6
Let r(x) = -2*x**3 + 5*x**2 - 5*x + 3. Give r(3).
-21
Let u(i) = 5*i**3 - i. Give u(1).
4
Let c(l) = l + 3. Determine c(-11).
-8
Let z(r) = r**2 - r - 9. Calculate z(4).
3
Let t(i) = -i**3 + i**2 + 22*i - 9. What is t(-5)?
31
Let k(u) = -16*u + 349. Determine k(22).
-3
Let m(h) = h - 5. What is m(3)?
-2
Let w(r) = r**3 + 8*r**2 + 11*r - 15. What is w(-6)?
-9
Let n(q) = -q - 12. Determine n(2).
-14
Let s(l) = 5*l**2 + l + 1. Give s(-1).
5
Let b(z) = -z**2 - 5*z - 2. Calculate b(-7).
-16
Let u(f) = -f**2 - 7*f - 4. Determine u(-7).
-4
Let p(z) = -z**2 - 4*z - 3. What is p(-3)?
0
Let c(o) = -o**2 + 7*o + 7. Determine c(-5).
-53
Let o(y) = 27*y - 17. Determine o(1).
10
Let b(j) = 2*j**2 - 22*j + 40. Calculate b(8).
-8
Let v(z) = -z**3 - z + 1. Calculate v(-2).
11
Let m(a) = a - 11. Give m(9).
-2
Let i(j) = -j**2 + 28*j + 55. What is i(30)?
-5
Let r(p) = p**2 - 8*p - 14. Give r(9).
-5
Let j(a) = a**3 + 14*a**2 + 21*a + 10. Determine j(-13).
-94
Let g(w) = -7*w - 5. What is g(-3)?
16
Let h(v) = -v**2 + 20*v - 19. Give h(13).
72
Let o(k) = 6*k - 87. What is o(14)?
-3
Let q(l) = l**2 + 5*l - 26. What is q(-7)?
-12
Let u(k) = 28*k**3 + k**2 - 4*k + 2. What is u(1)?
27
Let c(u) = u**3 - 8*u**2 + 15*u - 8. What is c(3)?
-8
Let o(r) = -r**2 - 22*r + 49. Give o(-24).
1
Let a(l) = 13*l - 28. Give a(8).
76
Let t(q) = q**3 - 6*q**2 + 5*q + 9. Give t(5).
9
Let q(x) = x**3 + 15*x**2 - 2*x - 22. What is q(-15)?
8
Let g(z) = z**3 + 3*z**2 + 3*z + 1. Determine g(-2).
-1
Let w(n) = -2*n**3 + 6*n**2 - 3*n. What is w(3)?
-9
Let w(j) = 4*j - 68. Determine w(26).
36
Let r(w) = -w - 4. Give r(-3).
-1
Let d(z) = -4*z**2 - 23*z - 15. What is d(-6)?
-21
Let h(s) = -s**2 - 13*s + 102. Give h(5).
12
Let p(d) = -d**2 + d + 14. What is p(5)?
-6
Let r(b) = b**2 - 6*b + 28. Give r(9).
55
Let b(w) = w**2 - 20*w + 17. Calculate b(17).
-34
Let j(y) = -4*y + 121. Calculate j(29).
5
Let f(z) = 2*z**3 - z**2 + 13*z + 1. Calculate f(4).
165
Let d(f) = f**3 + 4*f**2 - 2*f - 2. Give d(-4).
6
Let f(n) = 5*n**2 - 15*n + 15. Determine f(1).
5
Let v(i) = 4*i**2 - 2*i + 3. Give v(2).
15
Let i(b) = -7*b + 91. Calculate i(15).
-14
Let f(t) = t**3 + 11*t**2 + 20*t + 17. Give f(-9).
-1
Let x(p) = -56*p**2 + 5*p + 4. Determine x(-1).
-57
Let u(o) = o**3 + 21*o**2 + 21*o - 8. What is u(-20)?
-28
Let a(m) = -12*m**3 - m**2 - 3*m - 1. Calculate a(-1).
13
Let s(p) = -7*p + 9. Determine s(2).
-5
Let p(v) = v**3 - v**2 - 10*v + 23. Give p(2).
7
Let x(z) = z**3 - 18*z**2 + 4*z - 50. Give x(18).
22
Let x(b) = -3*b - 1. Determine x(-6).
17
Let q(z) = -z**2 - 13*z + 5. Determine q(-12).
17
Let x(q) = 2*q**3 - 2*q + 2. Calculate x(2).
14
Let m(f) = f**2 - 3*f + 5. Determine m(0).
5
Let n(p) = -2*p - 5. Determine n(7).
-19
Let j(u) = -u**2 + 19*u + 6. Give j(19).
6
Let k(a) = a**2 - 8*a - 12. Give k(9).
-3
Let l(p) = 17*p - 76. Determine l(4).
-8
Let p(f) = -f**3 + 4*f**2 + f - 4. Give p(-3).
56
Let t(q) = 3*q**2 + q - 3. Give t(3).
27
Let n(q) = q**2 + 35*q + 33. Determine n(-34).
-1
Let c(y) = -6*y**3 - 2*y**2 + 1. Give c(1).
-7
Let g(y) = 2*y + 84. What is g(-7)?
70
Let q(z) = z**3 - z**2 + 2*z. Determine q(2).
8
Let i(q) = q**2 - 21*q. Calculate i(18).
-54
Let b(h) = 89*h + 3. Calculate b(-1).
-86
Let o(g) = -g**3 + 12*g**2 - 2*g - 13. Give o(12).
-37
Let l(s) = s**2 - 7*s + 13. Give l(7).
13
Let r(s) = -s**3 + 22*s**2 - 59*s + 45. Determine r(19).
7
Let r(w) = w - 5. Give r(-4).
-9
Let f(v) = -v**3 + 8*v**2 + 6*v + 1. What is f(8)?
49
Let r(z) = -z**3 + 13*z**2 - 4*z + 54. Give r(13).
2
Let z(m) = m**3 + 2*m**2 + 4*m + 3. What is z(-3)?
-18
Let w(k) = -9*k - 3. Calculate w(-5).
42
Let l(g) = g + 15. Calculate l(9).
24
Let v(f) = -f**3 - 20*f**2 - 18*f + 12. Calculate v(-19).
-7
Let n(v) = 2*v**2 + v - 17. Calculate n(-4).
11
Let p(g) = g**2 - 7*g - 14. Calculate p(8).
-6
Let o(p) = -4*p**2 + p - 2. Calculate o(3).
-35
Let n(l) = 2*l**2 - 41*l - 51. Calculate n(22).
15
Let n(l) = -2*l + 1. Calculate n(-3).
7
Let r(h) = 80*h + 329. Determine r(-4).
9
Let q(g) = 4*g. Give q(4).
16
Let d(j) = j**2 - 25*j + 21. What is d(25)?
21
Let g(b) = 2*b + 30. Determine g(-6).
18
Let g(s) = -s**3 - 10*s**2 - 22*s - 9. Give g(-7).
-2
Let a(o) = -o**2 + 4*o + 4. Calculate a(0).
4
Let p(y) = -y**3 - 25*y**2 + 26*y + 11. Calculate p(-26).
11
Let l(s) = -s - 13. Determine l(12).
-25
Let r(v) = -v**3 - v + 5. Calculate r(0).
5
Let g(w) = -w**3 + 6*w**2 - 6*w + 5. What is g(6)?
-31
Let m(k) = -k**3 - 4*k**2 + 14*k + 25. Calculate m(-4).
-31
Let k(p) = 2*p**2 + 16*p + 11. Calculate k(-8).
11
Let h(m) = -8*m - 6. Determine h(4).
-38
Let r(l) = -11*l - 63. Give r(-6).
3
Let k(y) = -8*y + 37. Give k(3).
13
Let h(d) = -7*d**2 - 9*d + 8. Determine h(1).
-8
Let q(o) = -6*o + 1. What is q(-13)?
79
Let j(z) = -z**3 + 12*z**2 - 12*z + 13. Determine j(11).
2
Let i(k) = 6*k - 24. What is i(5)?
6
Let z(t) = 4*t - 26. Determine z(11).
18
Let a(o) = -o**2 - 2*o + 15. Determine a(-4).
7
Let y(g) = -18*g - 3. Calculate y(2).
-39
Let c(a) = -a**3 - 2*a**2 - a + 2. Calculate c(-2).
4
Let x(d) = -6*d + 31. Calculate x(4).
7
Let t(i) = -3*i + 45. Give t(9).
18
Let i(s) = s**2 - 16*s + 26. Determine i(12).
-22
Let v(c) = -c**3 - 13*c**2 - 15*c - 50. What is v(-12)?
-14
Let b(i) = i**2 - 4*i - 27. What is b(8)?
5
Let v(q) = -7*q + 293. Calculate v(41).
6
Let q(d) = d**3 + d + 1. Calculate q(2).
11
Let l(b) = -b**3 + 6*b**2 + 2*b + 7. Give l(6).
19
Let u(l) = -l**3 - 4*l**2 + 4*l + 4. Calculate u(-4).
-12
Let o(m) = m**3 - 11*m**2 + 22*m - 32. Calculate o(9).
4
Let d(u) = -3*u**2 - 2*u + 13. Determine d(2).
-3
Let l(k) = k**3 + 7*k**2 + 4*k + 16. Determine l(-6).
28
Let p(i) = -i**3 + 9*i**2 + i + 1. Determine p(9).
10
Let b(f) = 4*f**2 - 16*f + 8. Determine b(4).
8
Let v(u) = 6*u - 2. Determine v(2).
10
Let o(d) = 7*d - 43. What is o(6)?
-1
Let r(l) = l**3 - 2*l**2 + l - 6. What is r(3)?
6
Let w(v) = -v**2 - 12*v - 31. Determine w(-7).
4
Let p(v) = -4*v**2 + 15*v + 13. What is p(5)?
-12
Let j(q) = -q - 1. What is j(2)?
-3
Let u(x) = 3*x**2 - 4*x + 3. What is u(2)?
7
Let f(c) = -2*c - 21. What is f(-9)?
-3
Let k(x) = -9*x**3 - x**2 - x - 1. Determine k(-1).
8
Let b(z) = -2*z**2 - 12*z - 15. Calculate b(-6).
-15
Let j(q) = -10*q**2 + 63*q - 19. Calculate j(6).
-1
Let d(w) = -7*w**2. Determine d(-1).
-7
Let j(y) = -56*y**2 + 6*y + 3. What is j(-1)?
-59
Let o(g) = -g**2 + 3*g + 1. Give o(-3).
-17
Let w(b) = -11*b - 251. Calculate w(-23).
2
Let m(z) = z**3 - 9*z**2 + 6*z + 2. Give m(3).
-34
Let x(y) = -y**2 + 2*y - 11. What is x(-6)?
-59
Let j(x) = x**2 + 4*x - 11. What is j(-5)?
-6
Let s(v) = 3*v - 24. What is s(9)?
3
Let i(s) = -s - 8. Calculate i(0).
-8
Let u(o) = o**3 - 6*o**2 - 22*o - 2. Give u(9).
43
Let h(r) = 56*r**2 + 2*r + 1. What is h(-1)?
55
Let s(i) = -2*i + 11. What is s(-2)?
15
Let k(z) = -z**3 - z**2 + 36. Calculate k(0).
36
Let i(n) = n**3 + 4*n**2 - 12*n - 52. Calculate i(-4).
-4
Let f(g) = -2*g**2 - 12*g - 2. Give f(-7).
-16
Let z(j) = -49*j - 41. What is z(-1)?
8
Let v(b) = 6*b**3 + 6*b + 5. What is v(-1)?
-7
Let n(u) = -u**2 + 10*u + 21. Determine n(12).
-3
Let h(v) = v**3 + 5*v**2 + 7*v + 15. What is h(-4)?
3
Let h(v) = v**3 - 13*v**2 + 11*v + 12. Calculate h(12).
0
Let s(l) = -2*l**3 + 49*l**2 - 20*l - 50. What is s(24)?
46
Let f(x) = 7*x + 27. Calculate f(-4).
-1
Let c(t) = -2*t**2 - 45*t - 34. Give c(-19).
99
Let f(d) = -d**3 + d**2 + 21. Determine f(0).
21
Let b(z) = 42*z**3 + 2*z + 2. What is b(-1)?
-42
Let y(i) = i**3 + 7*i**2 - 3*i - 3. Determine y(-6).
51
Let o(x) = x - 6. What is o(-5)?
-11
Let c(q) = q + 1. Calculate c(-11).
-10
Let h(x) = x**2 + 9*x + 23. Give h(-8).
15
Let b(x) = x**3 - 3*x**2 + 14*x - 1. Determine b(4).
71
Let w(y) = -3*y**3 + 3*y**2 + y - 1. Calculate w(-1).
4
Let a(y) = y**3 + 11*y**2 + 6*y - 35. Give a(-10).
5
Let z(p) = -p**3 - 2*p**2 + 3*p - 4. Determine z(-3).
-4
Let x(q) = -q**3 - 5*q**2 - 4*q - 4. Determine x(-5).
16
Let b(f) = f**3 + 4*f**2 - 11*f - 8. Give b(-5).
22
Let u(b) = -2*b**3 - b**2 - 3*b + 3. What is u(0)?
3
Let f(v) = 21*v - 3. Give f(-1).
-24
Let k(p) = -16*p**2 + 1. What is k(-2)?
-63
Let o(j